ase 13, what is 121 - 6811?
-66c0
In base 4, what is 21000 + -332?
20002
In base 10, what is -30 - 8424?
-8454
In base 4, what is 202313 + 13122?
222101
In base 12, what is -15455 + -5?
-1545a
In base 14, what is -a829 + 51?
-a7b8
In base 2, what is -1001 - 1111000000100100?
-1111000000101101
In base 3, what is -201 + -10212002?
-10212210
In base 6, what is -34022 - 5?
-34031
In base 14, what is -440 + -1c4?
-624
In base 6, what is -243 + 125450?
125203
In base 6, what is -341 - -303?
-34
In base 7, what is -351526 + -6?
-351535
In base 3, what is 11210 + 21202122?
21221102
In base 4, what is -11201302020 - 1?
-11201302021
In base 8, what is -40 - 6311?
-6351
In base 9, what is -1220376 - -3?
-1220373
In base 6, what is 303234 + 4?
303242
In base 8, what is -1 + -52125?
-52126
In base 3, what is -121020 + 12210?
-101110
In base 10, what is 638 + -941?
-303
In base 7, what is -66 + 233?
134
In base 8, what is -475323 + -2?
-475325
In base 13, what is -24 - 192c?
-1953
In base 11, what is -3 + 2a95?
2a92
In base 12, what is 3 + 606?
609
In base 13, what is 1 + -3cc1?
-3cc0
In base 4, what is -3030 + -1012200?
-1021230
In base 14, what is -33 - -178?
145
In base 16, what is 3bac - -35?
3be1
In base 3, what is -1101 + 10002211221?
10002210120
In base 7, what is -50655 - -54?
-50601
In base 12, what is -4b3 + -34?
-527
In base 15, what is 343 + -87?
2ab
In base 8, what is 60232 - 1?
60231
In base 9, what is 4 - -1150713?
1150717
In base 12, what is -43 - ab96?
-b019
In base 5, what is 410 + -100304?
-44344
In base 9, what is 1 - -5137?
5138
In base 3, what is -20121120000 + 110?
-20121112120
In base 5, what is 4234 - -4133?
13422
In base 2, what is -10101111111010110 + 101?
-10101111111010001
In base 6, what is -110300 - -1?
-110255
In base 12, what is 196 + -1a71?
-1897
In base 3, what is -200111210222210 + 2?
-200111210222201
In base 16, what is -6 - 2d7d?
-2d83
In base 6, what is 1144452 + 0?
1144452
In base 12, what is 1731 - 3?
172a
In base 3, what is 2002022 + -1010?
2001012
In base 11, what is 0 - -881119?
881119
In base 15, what is 1 + -9891d?
-9891c
In base 13, what is 6 + -12064a?
-120644
In base 7, what is 244224 - 0?
244224
In base 15, what is -16 - 4e?
-65
In base 16, what is 1a966 + 4?
1a96a
In base 14, what is -a + -2d8c?
-2d98
In base 5, what is 111 - 224411?
-224300
In base 5, what is -3 - 343004?
-343012
In base 4, what is 11323 - 2220232?
-2202303
In base 4, what is 2 + 100122332?
100123000
In base 9, what is -178 - -18205?
18016
In base 2, what is -101 - 10010101001?
-10010101110
In base 6, what is -5 + 151455?
151450
In base 14, what is 11 + 529d?
52b0
In base 14, what is 16 + -aa6?
-a90
In base 5, what is 122343443 - 3?
122343440
In base 12, what is 21b04b - 2?
21b049
In base 2, what is -101 + 10100101110011010?
10100101110010101
In base 9, what is 2 + 20364?
20366
In base 4, what is -1 - 3121212?
-3121213
In base 12, what is 502 - -64?
566
In base 16, what is 1 - -16600?
16601
In base 2, what is -10001 + -1101010100000010010?
-1101010100000100011
In base 2, what is -10000 - 101111110?
-110001110
In base 6, what is 335533433 - 3?
335533430
In base 6, what is 255 + -20252?
-15553
In base 4, what is 120221 + 10013?
130300
In base 12, what is -1169 - -213?
-b56
In base 8, what is -5332 + 644?
-4466
In base 5, what is -4 + -240332?
-240341
In base 3, what is 20012120 + -110?
20012010
In base 4, what is -122302311 - -2?
-122302303
In base 9, what is 425111 + -4?
425106
In base 8, what is -7 - 7421?
-7430
In base 3, what is 21021012021 + -10?
21021012011
In base 5, what is -23 - 41021?
-41044
In base 15, what is 2 + 6ac?
6ae
In base 3, what is 1 + 2110212?
2110220
In base 8, what is 1 + 101340?
101341
In base 13, what is 17 + -6610?
-65c6
In base 14, what is -48 + -1ac?
-216
In base 16, what is 2b7 + -1?
2b6
In base 6, what is -341102 + -13?
-341115
In base 15, what is -4 + -5386?
-538a
In base 8, what is -15722 - 42?
-15764
In base 7, what is -204 + -46?
-253
In base 4, what is 1230020 + 3?
1230023
In base 9, what is -4050 - 47?
-4107
In base 9, what is -64381 - 6?
-64387
In base 10, what is -3 + -9002?
-9005
In base 6, what is 1 + -232524?
-232523
In base 5, what is -4 - 201321320?
-201321324
In base 11, what is 5 + 1371?
1376
In base 5, what is 1032224 + -4?
1032220
In base 5, what is -1234 - -112021?
110232
In base 7, what is 30 - 41056?
-41026
In base 10, what is 133 - -255?
388
In base 6, what is 144512 + 2?
144514
In base 7, what is 2055116 - 5?
2055111
In base 12, what is 20 - 5b1a?
-5aba
In base 5, what is 140 - -12223?
12413
In base 6, what is 13 - 2045215?
-2045202
In base 13, what is 4 + -17cc49?
-17cc45
In base 9, what is 256 + -50785?
-50528
In base 15, what is -bc1 + -15?
-bd6
In base 7, what is -54 + -24502?
-24556
In base 12, what is 2771 - 6?
2767
In base 8, what is 0 - -11323?
11323
In base 8, what is -104151 + -2?
-104153
In base 16, what is -3 + f925d?
f925a
In base 11, what is -351a1 - 5?
-351a6
In base 15, what is 136 + -9cd?
-897
In base 7, what is 255 - -52?
340
In base 7, what is 231613 - 15?
231565
In base 12, what is -a0 - -4b7?
417
In base 2, what is 0 + -101011100101100011?
-101011100101100011
In base 4, what is -23 + 31?
2
In base 9, what is 24 + -30388?
-30364
In base 9, what is -2 + 13155?
13153
In base 8, what is -413 + -33250?
-33663
In base 16, what is -ba8ed + 8?
-ba8e5
In base 14, what is 3 - 6444?
-6441
In base 7, what is 6 - -36023?
36032
In base 6, what is 4415013 + 4?
4415021
In base 7, what is -2210 - -414?
-1463
In base 3, what is 210121 - -1000212?
1211110
In base 13, what is 1bc4 + -c?
1bb5
In base 8, what is 31 + -320?
-267
In base 15, what is -264c - -1?
-264b
In base 16, what is 97 - -59c?
633
In base 15, what is -1e86 - 2e?
-1eb5
In base 14, what is 32 - -4ac?
500
In base 11, what is 0 + -48442?
-48442
In base 16, what is c8c - -28?
cb4
In base 15, what is -c34 - 4?
-c38
In base 5, what is -21440 + 33?
-21402
In base 15, what is 58 - 1?
57
In base 13, what is 1 + -13a04?
-13a03
In base 11, what is 28a66 + 0?
28a66
In base 4, what is 333010 + 100?
333110
In base 2, what is -110001010011000001 - 11?
-110001010011000100
In base 4, what is -2012 + 3123003?
3120331
In base 13, what is 2c + 42?
71
In base 2, what is -10001 + -11000011101?
-11000101110
In base 2, what is -10111 + 10011101?
10000110
In base 3, what is -1200 - 2001001?
-2002201
In base 3, what is 11221 + -21220?
-2222
In base 2, what is 11101110011 - 11011?
11101011000
In base 12, what is -5 + -14ab5?
-14aba
In base 10, what is 56 - -167?
223
In base 2, what is -11111011100 + 110?
-11111010110
In base 12, what is -513 + -5?
-518
In base 3, what is -221 + -1122102101?
-1122110022
In base 10, what is -5 - 14376?
-14381
In base 10, what is -87 - -1140?
1053
In base 9, what is 32 - 628?
-586
In base 2, what is 10100100100100 - 1100011?
10100011000001
In base 16, what is -a0396a - -1?
-a03969
In base 8, what is -20 - -3256?
3236
In base 9, what is -18 + 16870?
16851
In base 13, what is -30c2 - -3?
-30bc
In base 3, what is -100120100201 - -10?
-100120100121
In base 12, what is 3a635 - 5?
3a630
In base 8, what is 1300 + 7545?
11045
In base 6, what is 4 + -12303?
-12255
In base 7, what is 505 - -35250?
36055
In base 6, what is -45 + 3441?
3352
In base 6, what is -5 + 14505?
14500
In base 16, what is -236b - 0?
-236b
In base 14, what is -b48a + -19?
-b4a5
In base 15, what is -39816 - -a?
-3980b
In base 3, what is 0 + 1022111222?
1022111222
In base 2, what is -1100 - -101000101110011001?
101000101110001101
In base 4, what is 102231 - 13?
102212
In base 13, what is 19b - ab?
c0
In base 13, what is 20 - 418a?
-416a
In base 16, what is 2b76f + -1?
2b76e
In base 5, what is 303032 + 124?
303211
In base 3, what is 111 + -202012021?
-202011210
In base 4, what is -11 - -21301?
21230
In base 15, what is -60548 - 1?
-60549
In base 6, what is 211534 + -4?
211530
In base 10, what is -1264886 - 4?
-1264890
In base 14, what is -2 - 1377b4?
-1377b6
In base 16, what is -1 - -2e82?
2e81
In base 13, what is 234679 - 3?
234676
In base 12, what is 1b73741 + -1?
1b73740
In base 13, what is -a82 - 27a?
-102c
In base 7, what is -2620063 - -3?
-2620060
In base 12, what is -13a57 - 3?
-13a5a
In base 12, what is 5 - -a5?
aa
In base 13, what is -1751b + 0?
